e of 14?
False
Is 4738440 a multiple of 14?
True
Does 550 divide 839850?
True
Does 25 divide 277625?
True
Is 15700599 a multiple of 927?
True
Is 34515 a multiple of 531?
True
Is 34741594 a multiple of 481?
False
Is 172 a factor of 632788?
True
Is 35 a factor of 631748?
False
Does 182 divide 693600?
False
Does 637 divide 969765?
False
Does 25 divide 3179039?
False
Does 261 divide 309197?
False
Does 8 divide 511935?
False
Is 1321927 a multiple of 74?
False
Is 757405 a multiple of 233?
False
Is 1587026 a multiple of 7?
True
Is 155 a factor of 636275?
True
Is 56984 a multiple of 136?
True
Does 190 divide 1306045?
False
Is 13 a factor of 83057?
True
Is 156094 a multiple of 158?
False
Does 94 divide 29195903?
False
Is 865 a factor of 946310?
True
Does 284 divide 245376?
True
Is 203648 a multiple of 128?
True
Does 21 divide 151704?
True
Does 15 divide 537720?
True
Is 217610 a multiple of 10?
True
Is 136644 a multiple of 2?
True
Does 313 divide 41079?
False
Does 16 divide 340762?
False
Is 395452 a multiple of 907?
True
Is 9 a factor of 3227958?
True
Is 105 a factor of 389920?
False
Is 59600 a multiple of 87?
False
Is 138 a factor of 427724?
False
Is 592 a factor of 7809053?
False
Is 425807 a multiple of 24?
False
Is 3745358 a multiple of 626?
True
Is 1441112 a multiple of 722?
True
Is 6 a factor of 8310665?
False
Is 24 a factor of 190680?
True
Is 3197653 a multiple of 10?
False
Is 2816288 a multiple of 17?
True
Is 8 a factor of 28586982?
False
Is 209 a factor of 360286?
False
Is 28 a factor of 36400?
True
Is 9500 a multiple of 2?
True
Does 921 divide 767049?
False
Is 873339 a multiple of 40?
False
Is 338 a factor of 106006?
False
Is 213675 a multiple of 7?
True
Does 16 divide 880288?
True
Does 193 divide 310344?
True
Is 341 a factor of 547987?
True
Is 1459245 a multiple of 15?
True
Does 19 divide 436563?
True
Does 82 divide 75628?
False
Is 1414247 a multiple of 17?
True
Is 173038 a multiple of 51?
False
Does 97 divide 3597171?
False
Does 93 divide 91599?
False
Is 1007000 a multiple of 500?
True
Does 76 divide 9828776?
True
Is 2703016 a multiple of 19?
True
Does 92 divide 225768?
True
Is 184814 a multiple of 4?
False
Is 38 a factor of 97622?
True
Does 360 divide 321610?
False
Is 40 a factor of 3631240?
True
Is 13 a factor of 437538?
False
Is 2422629 a multiple of 11?
True
Does 153 divide 758536?
False
Is 585888 a multiple of 718?
True
Is 416199 a multiple of 21?
True
Does 10 divide 4590?
True
Is 128 a factor of 69638?
False
Is 49 a factor of 649318?
False
Is 18 a factor of 308488?
False
Is 502 a factor of 4317200?
True
Does 24 divide 52752?
True
Does 547 divide 825006?
False
Is 16 a factor of 23116?
False
Does 30 divide 524309?
False
Does 25 divide 84350?
True
Is 950 a factor of 8474598?
False
Does 48 divide 591937?
False
Is 2695690 a multiple of 858?
False
Is 295325 a multiple of 25?
True
Does 17 divide 354484?
True
Is 25 a factor of 564460?
False
Does 938 divide 6301979?
False
Is 53011 a multiple of 3?
False
Does 786 divide 779712?
True
Does 21 divide 141923?
False
Does 77 divide 46097?
False
Is 177 a factor of 41467?
False
Is 942540 a multiple of 276?
True
Is 9 a factor of 2102995?
False
Is 106832 a multiple of 11?
True
Does 20 divide 70580?
True
Is 198 a factor of 10802542?
False
Does 243 divide 7639235?
False
Is 10 a factor of 43870?
True
Is 45 a factor of 363430?
False
Does 17 divide 156240?
False
Does 358 divide 1296676?
True
Does 43 divide 491266?
False
Is 478272 a multiple of 141?
True
Is 18 a factor of 11465375?
False
Does 113 divide 295265?
False
Is 282360 a multiple of 130?
True
Is 1272335 a multiple of 95?
True
Is 6628302 a multiple of 123?
False
Is 340 a factor of 55760?
True
Does 28 divide 684975?
False
Is 929104 a multiple of 58?
False
Does 604 divide 9740605?
False
Does 220 divide 1589765?
False
Does 34 divide 33099544?
True
Is 47 a factor of 483630?
True
Is 117849 a multiple of 13?
False
Does 639 divide 6913559?
False
Is 117 a factor of 22469?
False
Does 55 divide 8009144?
False
Does 258 divide 161508?
True
Is 37631 a multiple of 10?
False
Is 4 a factor of 18912?
True
Is 49 a factor of 161045?
False
Is 9032993 a multiple of 1324?
False
Is 3 a factor of 338321?
False
Is 84 a factor of 81060?
True
Is 16090 a multiple of 4?
False
Does 12 divide 2820986?
False
Does 61 divide 88683?
False
Does 6 divide 142215?
False
Does 199 divide 7245638?
False
Is 2126883 a multiple of 11?
True
Is 296520 a multiple of 60?
True
Is 276991 a multiple of 17?
False
Is 14039 a multiple of 5?
False
Is 62 a factor of 7174578?
True
Does 212 divide 154972?
True
Is 196 a factor of 1906688?
True
Is 41 a factor of 80623?
False
Is 170552 a multiple of 7?
False
Does 2 divide 12849?
False
Does 7 divide 735881?
False
Does 90 divide 6028?
False
Is 1217057 a multiple of 56?
False
Does 25 divide 1003021?
False
Does 9 divide 63625?
False
Is 5747555 a multiple of 28?
False
Does 422 divide 20916852?
True
Does 84 divide 3479770?
False
Is 14 a factor of 827300?
False
Does 8 divide 45344?
True
Is 1605409 a multiple of 13?
True
Is 28560 a multiple of 119?
True
Does 35 divide 63244?
False
Is 91 a factor of 4635484?
False
Is 1593832 a multiple of 281?
True
Is 31662 a multiple of 23?
False
Is 7757091 a multiple of 42?
False
Is 1860543 a multiple of 33?
False
Is 68 a factor of 5161369?
False
Is 942 a factor of 691428?
True
Is 345 a factor of 2705145?
True
Is 316 a factor of 688564?
True
Is 39 a factor of 214556?
False
Is 412 a factor of 5169776?
True
Does 27 divide 207778?
False
Does 477 divide 5092056?
False
Is 90 a factor of 2493675?
False
Is 48 a factor of 1344336?
True
Is 43 a factor of 7009?
True
Is 54 a factor of 415568?
False
Is 62 a factor of 35836?
True
Is 448400 a multiple of 190?
True
Is 54281 a multiple of 20?
False
Is 30621 a multiple of 38?
False
Is 88 a factor of 184605?
False
Does 183 divide 436528?
False
Is 61 a factor of 8462591?
True
Is 2648794 a multiple of 223?
True
Does 310 divide 1276446?
False
Is 521242 a multiple of 16?
False
Is 2 a factor of 89764?
True
Is 431739 a multiple of 49?
True
Is 13 a factor of 3097806?
False
Does 118 divide 4387327?
False
Is 77011 a multiple of 3?
False
Is 7743488 a multiple of 152?
True
Does 19 divide 165471?
True
Is 1841052 a multiple of 232?
False
Is 70 a factor of 494283?
False
Is 9 a factor of 356888?
False
Does 6 divide 975860?
False
Is 64792 a multiple of 178?
True
Does 588 divide 115708?
False
Does 264 divide 9334925?
False
Is 215600 a multiple of 175?
True
Is 139 a factor of 388217?
False
Does 69 divide 474582?
True
Does 7 divide 32781?
True
Is 84768 a multiple of 48?
True
Does 41 divide 62402?
True
Does 35 divide 3710?
True
Is 7797 a multiple of 91?
False
Does 19 divide 403970?
False
Is 780488 a multiple of 8?
True
Does 257 divide 7565628?
False
Is 7612959 a multiple of 37?
False
Is 439787 a multiple of 314?
False
Is 32 a factor of 12206?
False
Is 205 a factor of 31160?
True
Is 7646056 a multiple of 88?
True
Is 13876084 a multiple of 29?
False
Does 126 divide 4238126?
False
Does 9 divide 115694?
False
Is 69 a factor of 86577?
False
Is 9 a factor of 478152?
True
Does 8 divide 256514?
False
Is 193761 a multiple of 91?
False
Is 81123 a multiple of 14?
False
Is 59438 a multiple of 113?
True
Is 2308055 a multiple of 463?
True
Is 7816 a multiple of 2?
True
Does 7 divide 107464?
True
Is 104177 a multiple of 19?
True
Does 330 divide 87211?
False
Does 89 divide 255786?
True
Is 956556 a multiple of 34?
True
Does 13 divide 155500?
False
Does 63 divide 525007?
False
Does 5 divide 186937?
False
Is 324774 a multiple of 9?
True
Is 352569 a multiple of 7?
True
Is 1283747 a multiple of 24?
False
Does 10 divide 830648?
False
Is 588 a factor of 424994?
False
Does 3 divide 6937?
False
Is 74082 a multiple of 7?
False
Does 19 divide 896861?
False
Does 130 divide 19630?
True
Is 854940 a multiple of 60?
True
Does 141 divide 71595?
False
Is 3 a factor of 9997?
False
Does 287 divide 623647?
False
Is 591369 a multiple of 358?
False
Is 279 a factor of 3633019?
False
Is 821400 a multiple of 120?
True
Is 154 a factor of 1442826?
True
Is 192 a factor of 227712?
True
Is 190 a factor of 138334?
False
Does 105 divide 2669566?
False
Is 6 a factor of 805932?
True
Does 52 divide 3559192?
True
Does 15 divide 27311805?
True
Is 60 a factor of 1823340?
True
